 69. What is a(-30)?
-21
Let c(w) = 2*w**3 - 18*w**2 + 6*w + 17. Calculate c(9).
71
Let b(m) = -20613*m - 41225. Determine b(-2).
1
Let d(a) = 2*a**3 + a**2 - a + 4. Give d(-2).
-6
Let y(h) = h**3 + 163*h**2 + 315*h - 1084. Determine y(-161).
43
Let w(o) = o**3 - 59*o**2 - 59*o - 86. Give w(60).
-26
Let n(t) = 121*t**2 + 139*t + 11. Give n(-1).
-7
Let b(r) = -126*r - 1786. What is b(-14)?
-22
Let a(i) = -82*i - 9104. Give a(-111).
-2
Let b(q) = -2*q**2 - 228*q - 2319. Determine b(-103).
-53
Let n(t) = 4*t**2 - 41*t + 153. What is n(5)?
48
Let m(t) = -t**3 - 18*t**2 - 34*t - 39. Give m(-16).
-7
Let x(n) = n**3 - 4*n**2 - 986*n + 1023. Determine x(-30).
3
Let b(l) = -l**3 - 32*l**2 - 191*l + 7. Give b(-8).
-1
Let o(k) = -k**3 - 121*k**2 + 244*k - 83. Give o(-123).
163
Let l(k) = -2*k**3 - 34*k**2 + 60*k + 431. Calculate l(-18).
-1
Let n(f) = -f**3 - 22*f**2 - 60*f + 93. Calculate n(-5).
-32
Let p(k) = -k**2 + 39*k + 1123. What is p(-18)?
97
Let v(z) = -20*z + 71. What is v(9)?
-109
Let l(x) = -x**3 - 2*x**2 - 30*x - 51. Determine l(-2).
9
Let c(d) = -d**2 + 47*d - 131. Give c(44).
1
Let w(j) = -2*j**2 + 29*j - 115. What is w(7)?
-10
Let w(s) = 5*s**2 - 747*s - 1208. What is w(151)?
0
Let v(n) = -n**3 - 6*n**2 + 31*n + 171. Give v(-7).
3
Let z(p) = -176*p**2 + 232*p + 3. Determine z(1).
59
Let z(l) = l**3 + 30*l**2 + 14*l - 428. Determine z(-29).
7
Let b(u) = 3*u**2 + 50*u + 144. Give b(-13).
1
Let x(b) = b**2 + 34*b + 80. What is x(-31)?
-13
Let n(v) = 3*v**3 - 5*v**2 - 59*v - 2. Calculate n(6).
112
Let t(q) = q**3 - 92*q**2 + 893*q - 186. What is t(81)?
-24
Let c(j) = -3*j**2 - 4*j + 10. Give c(3).
-29
Let c(w) = 402*w - 41842. Calculate c(104).
-34
Let w(u) = -1031*u - 57731. Determine w(-56).
5
Let y(o) = 39*o + 6194. Give y(-160).
-46
Let i(n) = -446*n + 16055. Calculate i(36).
-1
Let j(z) = 13*z**3 - 3*z**2 - 2*z + 8. Calculate j(2).
96
Let o(l) = -111*l + 1263. Give o(14).
-291
Let f(o) = 51*o + 433. Give f(-9).
-26
Let t(v) = -79*v - 784. Calculate t(-10).
6
Let d(c) = c - 21. What is d(32)?
11
Let d(s) = 5*s**3 + 12*s**2 - 50*s + 103. Calculate d(4).
415
Let j(o) = o**2 - 11*o + 26. Determine j(5).
-4
Let p(c) = 286*c**3 - 5*c**2 - c + 1. Give p(-1).
-289
Let b(p) = 297*p + 9338. Give b(-31).
131
Let h(v) = 2*v**3 - 115*v**2 + 476*v + 48. What is h(53)?
-5
Let x(w) = -w**3 - 11*w**2 - 4*w - 8. What is x(-6)?
-164
Let d(c) = 5*c**2 + 114*c + 106. Give d(-22).
18
Let k(d) = 19*d**2 + 1256*d - 1167. What is k(-67)?
-28
Let q(c) = -c**3 - 108*c**2 + 2704*c + 121. Give q(21).
16
Let b(m) = m**3 + 10*m**2 + 5*m + 111. Calculate b(-11).
-65
Let d(a) = a**3 - a**2 + 10*a - 22. Calculate d(2).
2
Let b(a) = a**3 + 67*a**2 - 65. What is b(-67)?
-65
Let h(c) = c**2 + 17*c - 102. What is h(-28)?
206
Let w(c) = -c**2 - 55*c + 310. What is w(5)?
10
Let j(d) = 18*d + 448. Determine j(-23).
34
Let v(b) = b**2 + 17*b + 43. Determine v(-12).
-17
Let c(i) = -i**3 - 57*i**2 + 383*i + 226. Determine c(-63).
-89
Let b(k) = -k**2 - 818*k + 18487. Give b(22).
7
Let r(t) = t**2 - 10*t - 13. Determine r(10).
-13
Let y(p) = -21*p - 468. What is y(-22)?
-6
Let w(l) = l**2 - 67*l + 1074. Determine w(24).
42
Let u(r) = 93*r + 413. What is u(-5)?
-52
Let r(y) = y**3 + 5*y**2 - 65*y - 253. Determine r(-4).
23
Let k(n) = -n**2 + 22*n - 83. Give k(7).
22
Let l(b) = b**2 + 51*b + 89. Determine l(-48).
-55
Let t(p) = 2*p**2 - 785*p + 4687. Give t(6).
49
Let h(r) = -2494*r + 2490. Give h(1).
-4
Let j(f) = -5*f + 61. Determine j(3).
46
Let u(g) = g**3 - 5382*g - 2. What is u(0)?
-2
Let r(d) = -d**3 + 3*d**2 + 81*d - 104. Calculate r(10).
6
Let a(z) = 737*z + 9574. Calculate a(-13).
-7
Let r(q) = q**2 + 31*q - 3517. Give r(46).
25
Let l(j) = -j**3 + 5*j**2 + 2*j - 26. Determine l(4).
-2
Let z(n) = 36*n - 4051. Calculate z(112).
-19
Let j(t) = t**2 - 9*t - 687. Determine j(32).
49
Let c(x) = 3*x**2 - 51*x + 108. Give c(5).
-72
Let f(u) = u**3 + 18*u**2 - 30*u - 485. What is f(-5)?
-10
Let k(l) = 16*l - 43. Determine k(-10).
-203
Let v(w) = 32*w + 829. What is v(-40)?
-451
Let i(s) = -3*s**2 + 52*s + 259. What is i(-4)?
3
Let v(c) = 522*c - 7316. Determine v(14).
-8
Let i(y) = 14*y + 476. Give i(-39).
-70
Let o(k) = 190*k + 4. Calculate o(0).
4
Let q(b) = -9703*b - 29101. Give q(-3).
8
Let a(y) = 31*y - 2132. Determine a(66).
-86
Let t(x) = x**3 - 58*x**2 + 59*x + 283. What is t(57)?
397
Let n(o) = -12*o**3 - 263*o**2 + 22*o - 5. Calculate n(-22).
-5
Let v(q) = q**3 + 46*q**2 + 25*q - 450. Give v(-45).
450
Let f(d) = -21*d**2 - 25*d - 79. Determine f(-5).
-479
Let d(k) = 2*k**2 - 152*k + 585. Calculate d(63).
-1053
Let l(w) = -17*w**3 + 20*w**2 - 41*w + 11. Determine l(2).
-127
Let v(b) = -1179*b + 5925. Give v(5).
30
Let i(c) = -16*c**2 + 158*c + 30. Give i(10).
10
Let i(v) = 2119*v - 21213. Calculate i(10).
-23
Let h(z) = -144*z - 1288. Determine h(-9).
8
Let t(f) = f**2 + 76*f + 68. Give t(-75).
-7
Let d(z) = -54*z + 391. Calculate d(7).
13
Let q(b) = 949*b + 1913. Give q(-2).
15
Let a(m) = 14*m**2 - 34*m + 92. Give a(3).
116
Let b(r) = -r**2 + 34*r - 269. Give b(28).
-101
Let v(x) = -2*x**3 - 54*x**2 + 9*x - 55. What is v(-27)?
-298
Let z(a) = -13*a**2 - 93*a - 524. Calculate z(-6).
-434
Let b(o) = 18*o**2 - 1296*o - 19. Calculate b(72).
-19
Let h(g) = -g**3 + 17*g**2 + 60*g - 25. What is h(20)?
-25
Let r(h) = 2*h**2 - 382*h + 6. What is r(0)?
6
Let j(t) = 2*t**3 + 9*t**2 + 67*t + 406. Calculate j(-6).
-104
Let p(b) = 23*b + 195. Calculate p(-4).
103
Let h(r) = -r**2 + 28*r - 155. What is h(21)?
-8
Let r(v) = 5*v**2 - 133*v + 114. Calculate r(26).
36
Let y(r) = -9*r**3 - 3*r**2 + r + 4. What is y(-2)?
62
Let v(k) = -3*k**2 + 7*k + 133. Determine v(12).
-215
Let i(w) = -w**2 + 103*w - 1901. Determine i(24).
-5
Let q(w) = -42*w + 8219. What is q(194)?
71
Let w(u) = -u**2 - 87*u + 10981. Calculate w(-157).
-9
Let b(n) = 2*n**2 - 23*n - 43. Calculate b(11).
-54
Let b(u) = -2*u**2 + 46*u - 214. What is b(17)?
-10
Let k(g) = -g**2 + 28*g - 133. Determine k(21).
14
Let b(j) = 25*j + 141. Give b(-8).
-59
Let l(y) = 962*y + 1912. What is l(-2)?
-12
Let n(c) = c**3 - 161*c**2 + 4757*c + 39. What is n(39)?
0
Let c(y) = -283*y - 1132. Give c(-4).
0
Let j(s) = s**3 - 5*s**2 - 105*s + 436. Give j(4).
0
Let y(t) = 8*t**2 + 170*t + 31. Determine y(-21).
-11
Let h(g) = 52*g**3 - 21*g**2 - 19*g + 3. What is h(-1)?
-51
Let d(i) = -3*i**2 - 18*i - 86. Give d(-11).
-251
Let f(d) = 19*d**3 - 122*d**2 - 142*d - 19. Calculate f(-1).
-18
Let k(p) = -104*p - 100. What is k(-1)?
4
Let c(y) = -y**2 - 62*y + 425. Give c(-68).
17
Let c(h) = 17*h**2 + 158*h - 166. What is c(1)?
9
Let z(s) = s**3 + 4*s**2 + s + 20. Calculate z(-4).
16
Let w(o) = -16*o - 384. Calculate w(-25).
16
Let y(i) = i**3 + 8*i**2 - 9*i - 5. Give y(-6).
121
Let i(x) = -98*x + 1006. What is i(10)?
26
Let f(k) = -340*k**2 + 7481*k - 9. Give f(22).
13
Let s(l) = -353*l - 3531. Calculate s(-10).
-1
Let o(t) = 18*t + 109. Give o(4).
181
Let n(y) = 2*y**2 + 17*y + 39. Determine n(-10).
69
Let v(j) = j**3 + 12*j**2 + 21*j + 27. Calculate v(-10).
17
Let h(d) = 6*d**3 - 1272*d**2 - 3*d + 642. Determine h(212).
6
Let h(b) = -136*b + 1141. What is h(8)?
53
Let x(s) = -5*s**2 - 595*s - 579. Give x(-118).
11
Let s(g) = -266*g - 5560. Calculate s(-21).
26
Let h(u) = 4*u**2 + 75*u - 6246. Determine h(-50).
4
Let c(y) = -3*y**3 + 13*y**2 - 53*y + 129. Calculate c(3).
6
Let f(i) = -1538*i - 8. Give f(0).
-8
Let b(a) = 139*a**3 + a**2 + 3*a - 3. Determine b(1).
140
Let b(d) = d**2 + 48*d - 383. Give b(-55).
2
Let v(q) = -2*q**3 + 148*q**2 + 321*q + 39. Determine v(-2).
5
Let v(g) = g**3 - 64*g**2 - 138*g + 384. Calculate v(66).
-12
Let g(y) = -158*y - 458. Give g(-5).
332
Let f(w) = -2206*w - 11023. Give f(-5).
7
Let o(s) = 3*s**2 + 910*s + 2714. What is o(-3)?
11
Let m(p) = p**3 - 96*p**2 + 1912*p - 548. Give m(68).
-4
Let c(v) = 5*v**3 + 152*v**2 + 59*v - 30. Calculate c(-30).
0
Let v(q) = -q**2 + 133*q - 1230. Determine v(10).
0
Let z(r) = r**2 + 66*r + 781. Give z(-15).
16
Let u(w) = -2*w**3 - 47*w**2 + 79*w + 89. Determine u(-25).
-11
Let g(c) = c**3 - 73*c**2 - 1636*c - 197. What is g(91)?
-15
Let t(z) = 3205*z - 44876. Give t(14).
-6
Let g(c) = 218*c - 21782. Determine g(100).
18
Let t(j) = 2*j**2 - 169*j + 1685. Determine t(73).
6
Let a(s